5 - a/(-5)?
23
Suppose -2*a = -1111 - 135. Let u = a - 369. Suppose -2*r + 4*r = -g + 130, 4*r = -5*g + u. Calculate the remainder when r is divided by 17.
15
Let d(g) = 8*g**2 + 6*g - 16. What is the remainder when d(4) is divided by 28?
24
Suppose 13*r = 778 + 717. Let q = r - 101. Calculate the remainder when 25 is divided by q.
11
Let p be -3 - (-208)/7 - (-8)/28. Suppose 3*l - p = k, 0*l + 2*l - k - 17 = 0. Calculate the remainder when 77 is divided by l.
7
Suppose -110 = -4*p - 10*h + 12*h, -4*h - 80 = -3*p. Calculate the remainder when 82 is divided by p.
26
Let q(x) = x**2 - 2*x - 15. Let z be q(-7). Suppose -292 - z = -5*m. Calculate the remainder when m is divided by 26.
16
Suppose -r = -6*r - 155. Let b = -8 - r. Calculate the remainder when b is divided by ((-12)/28 - 0)*1 - (-132)/14.
5
Let j(w) = 7*w**2 + 8*w + 70. Let b be j(-6). Suppose -b = 60*m - 62*m. Calculate the remainder when m is divided by -5*((-56)/10 - 0).
25
Let p(r) = -7*r**2 + 104*r - 10. Calculate the remainder when 145 is divided by p(14).
71
Let m(n) = n**3 - 2*n**2 + n + 6. Let v(g) = -g**2 + 18*g - 9. Let a be v(7). Let w = a - 46. What is the remainder when m(5) is divided by w?
20
Let v be 4/(-5)*(-850)/(-68). Let k(y) = 2*y**2 + 16*y. What is the remainder when k(v) is divided by 11?
7
Let j be ((-84)/8)/7*118/3. Let i = -47 - j. Calculate the remainder when 155 is divided by i.
11
Suppose 0*m + 2 = m. Let a = m - 0. Suppose l = -a*i + 15, l = i - 4*i + 14. What is the remainder when 49 is divided by l?
15
Suppose -4*h - 10 + 222 = 0. Suppose 5*j = 3*j + 28. Calculate the remainder when h is divided by j.
11
Let o be (-5 - -2) + 4*15. Suppose j = 4*j - o. What is the remainder when 33 is divided by j?
14
Let g(q) = 3*q**3 - 3*q**2 + 9*q - 5. What is the remainder when g(4) is divided by 44?
43
Let c(k) = -8*k - 1. Suppose 7 = -7*m - 7. What is the remainder when 59 is divided by c(m)?
14
Suppose 0 = 4*o - 94 - 110. Let m = -30 - -48. What is the remainder when o is divided by m?
15
Suppose -4*r + 4*o + o = -865, -r + 214 = o. What is the remainder when r is divided by 36?
35
Suppose -172 = x - 2*o, -5*x - 2*o + 354 = -7*x. Calculate the remainder when (-4)/(x/(-62) - 3) is divided by 32.
30
Let a(l) = -l**3 + 6*l**2 + l - 21. Let q be a(5). Calculate the remainder when (-57*(-7)/q)/((-1)/(-3)) is divided by 45.
43
Let m = -388 + 460. Calculate the remainder when 188 is divided by m.
44
Suppose -3*m + 241 = j - 133, 2*m = -4*j + 236. What is the remainder when m is divided by 27?
18
Suppose 5*u = -z - 72, 0 = 2*u + 2*z - 0 + 32. What is the remainder when 24 is divided by u/8*6*(-2)/3?
3
Let c = 3 + -5. Let j be c/7 + (-138)/(-42). Suppose g = -g + j*s - 2, s - 10 = -4*g. What is the remainder when 2 is divided by g?
0
Let x(s) = -s**2 - 3*s + 2. Let j be x(-5). Suppose 0 = -6*f - 0*f + 24. Calculate the remainder when 3*(j/(-6) + 3) is divided by f.
1
Let n = 248 + -103. Calculate the remainder when n is divided by 37.
34
Let h(d) = d**3 - 13*d**2 + 45*d - 21. What is the remainder when 2757 is divided by h(4)?
12
Let t(r) = -4*r**3 + 3*r - 1. Let l be t(4). Let m = l + 416. Calculate the remainder when m is divided by 44.
39
Let k = -14 - -6. Let q be (-228)/(-48) - 2/k. Suppose 5*o + 0*r = q*r + 105, 2*o = -2*r + 26. What is the remainder when o is divided by 5?
2
Let a = 625 + 643. What is the remainder when a is divided by 47?
46
Suppose 4*p + 4 = 32. Calculate the remainder when p is divided by (-8 - 24/(-6))*5/(-4).
2
Let m be (-15)/(6/(-2)) - 2. Suppose 0*i + m*i = -g - 13, -g - 19 = 5*i. What is the remainder when (g - -3) + 3 - -100 is divided by 26?
24
Let z(j) = -34*j**2 - 3*j + 1. Let m(r) = -r**2 + r. Let q(x) = -m(x) - z(x). Let i(c) = -75*c - 437. What is the remainder when q(1) is divided by i(-6)?
10
Suppose 0 = -0*h - 6*h - 6. Let q = 13 + h. Calculate the remainder when q is divided by 5.
2
Let f = -360 + 378. Calculate the remainder when 50 is divided by f.
14
Let b(z) = -z + 10. Let u be b(8). Suppose -5*w - u*o = -0*w + 20, 8 = -2*w - 4*o. Let x(g) = -10*g - 7. Calculate the remainder when x(w) is divided by 9.
6
Suppose -4*d = 4*s - 15 + 3, -5*d + 15 = 0. Let r(h) = 107*h - h**2 - 106*h + 2*h**2 + s - 7. Calculate the remainder when r(-5) is divided by 5.
3
Let v(i) = i**3 - 3*i**2 - 5*i - 8. Suppose 7*f = 7 + 21. What is the remainder when v(5) is divided by f?
1
Let q = 150 + -85. Let u be (0 + 15)*(0 + 20/12). Let c = -3 + u. What is the remainder when q is divided by c?
21
Let i be 21 - 0/1 - -1. Let r = i - 0. What is the remainder when 2/(-6) - (-124)/3 is divided by r?
19
Suppose 29 + 25 = 6*r. What is the remainder when r is divided by 2?
1
Let m(a) = -a**2 - 8*a. Let t be m(-7). Let x(j) = 2*j - 10. Calculate the remainder when 7 is divided by x(t).
3
What is the remainder when (50 + 1)/(3/3) is divided by 15?
6
Let l = -338 - -361. Calculate the remainder when l is divided by 3.
2
Suppose 3 = 2*m - 13. Suppose 0 = m*u - 5*u - 6. Calculate the remainder when 54 is divided by (1 - u)/((-1)/19).
16
Suppose 6*a = 12 + 30. Let p = 2 + 28. What is the remainder when p is divided by a?
2
Suppose -p - 210 = -x, -5*x + 13*p - 16*p = -1034. Calculate the remainder when x is divided by 108.
100
Let r = -32 - -36. Suppose u = r*u - 57. What is the remainder when 37 is divided by u?
18
Suppose 2*b - 74 = 3*i - i, 4*b = 5*i + 145. Let q(y) = -y**3 - y**2 + y + 7. Calculate the remainder when b is divided by q(-3).
18
Let j(v) = 2*v**3 + v**2 - v. Let o be j(1). Suppose 4*u = -o*m + 4, 3*u = m + 2*u - 2. Calculate the remainder when 38 is divided by 20/(-3)*(-3)/m.
8
Suppose 0 = y + 3*g + 6, -3*y - 1 + 3 = 5*g. Calculate the remainder when 4*((-135)/(-6))/y is divided by 0 + 3 + 1 + -1.
1
Let a = 47 - 34. Let s(w) = 2*w**2 + 31*w + 17. Let d be s(-15). What is the remainder when ((-1)/((-3)/74))/(d/3) is divided by a?
11
Suppose 0*j + 12*j = 36. Suppose -4 = j*p - 13. What is the remainder when 24 is divided by p?
0
Calculate the remainder when 86/301 + 1704/14 is divided by 39.
5
Suppose 19*s = 95 + 228. What is the remainder when (-1 + -2 + 79)*(s + -16) is divided by 10?
6
Suppose 79 + 83 = -2*k. Let a = k + 123. Calculate the remainder when a is divided by 23.
19
Suppose -19*l = -20*l + 2. Suppose -l*f - 6 = -4*k - 24, 4*k - 77 = -3*f. Let r = 55 - 20. Calculate the remainder when r is divided by f.
16
Suppose -6*t - 708 = -12*t. What is the remainder when t is divided by (-119)/(-4) - 1/(-4)?
28
Suppose 4*t + 17 = -4*y + 33, -2*y - t + 13 = 0. Let v(f) = 0*f**3 - f**3 + 12*f + 8*f**2 - 5 - f. What is the remainder when 38 is divided by v(y)?
12
What is the remainder when 241 is divided by 106/12 + ((-136)/48)/(-17)?
7
Let g = 5 - -5. Calculate the remainder when g is divided by (6 + 28/(-4))/(2*2/(-36)).
1
Calculate the remainder when 114 is divided by 58/1 - (19 + -9).
18
Calculate the remainder when 440 is divided by 146/876 + 293/6.
48
Suppose 5*i + 5*l - 1370 = 0, -i - 4*l + 290 = l. What is the remainder when i is divided by 13?
10
Suppose -5*a = -5*c + 225, -3*c + 137 = -44*a + 40*a. What is the remainder when 212 is divided by c?
40
Suppose 73*q = 10*q + 4095. What is the remainder when q is divided by 32?
1
Calculate the remainder when (-50)/10*2*41/(-2) is divided by 52.
49
Suppose -91 = -2*u - 1. Suppose 6*v + 3*l - u = 3*v, 3*v = l + 65. Let x(w) = w**2 - 2*w + 13. What is the remainder when x(9) is divided by v?
16
Let i(t) = 4*t + 77. Let g(v) = -v**2 - 6*v - 18. Let b be g(-6). What is the remainder when 10 is divided by i(b)?
0
Suppose p + 21 = 2*h, -p + 5*h - 90 = 4*p. Calculate the remainder when (138/(-15))/(3/p) is divided by 24.
22
Suppose 3*p + 2 = -4. Let x(d) = 4*d**2 + d. What is the remainder when 23 is divided by x(p)?
9
Let t = 19 + -13. Let m be t - (3 + -5 - -2). What is the remainder when 10 is divided by (-16)/m*(-27)/18?
2
Let i = 12 + -12. Let a be (i - -3)/((-6)/8). What is the remainder when (1380/50)/(a/(-10)) is divided by 35?
34
What is the remainder when (-80)/48 + 190/6 is divided by 19?
11
Let y(c) = 2*c**2 + 3*c - 6. Suppose 3*u - 34 = 2*n, -23*n - 22 = -2*u - 22*n. Calculate the remainder when y(-5) is divided by u.
9
Let h = 452 - 353. Calculate the remainder when h is divided by 20.
1